a**4/12 - a**2/2 + 28*a - 84. Let q(g) be the first derivative of s(g). Determine q(w).
-3
Let o(x) be the third derivative of x**5/30 + x**4/6 + 5*x**3/3 - 2*x**2 - x - 126. What is o(-5)?
40
Suppose -9 = -z - 14. Let q(u) be the first derivative of u**3/3 + 2*u**2 + u - 258. Calculate q(z).
6
Let o(n) be the first derivative of -n**3/3 + 27*n**2/2 + 19*n - 2843. Give o(27).
19
Let s(r) = -4*r + 6. Suppose 0 = -7518*o + 7508*o. Calculate s(o).
6
Suppose -6*u - 2*u = -8. Let y(m) be the first derivative of 0*m**2 + 1/3*m**3 + 0*m - 7. Determine y(u).
1
Let b(d) = 8*d + 6. Let q(r) = -23*r + 13. Let c(p) = 3*b(p) + q(p). Calculate c(-11).
20
Suppose -24 = -3*c + 6*c. Let m = -1036 + 1036. Let k(s) = -2*s**2 + m*s**2 + 9 + 5*s**2 - 8*s - 5*s**2 + s**2. What is k(c)?
9
Let u(s) be the first derivative of 1/3*s**3 - 14 - 4*s**2 - 3*s. Suppose 0*m = -m + 9. Determine u(m).
6
Let c(t) be the third derivative of t**6/120 - 7*t**5/12 + 5*t**4/4 + 47*t**3/2 + 5734*t**2. What is c(34)?
5
Let r(i) be the second derivative of 65*i - 1/6*i**3 + 0 + 1/2*i**2 - 1/12*i**4. What is r(-3)?
-5
Let v(o) = -13*o**2 + 10*o + 81. Let p(b) = -58*b**2 + 39*b + 323. Let n(k) = -2*p(k) + 9*v(k). Calculate n(17).
-2
Let y(l) = 11*l**3 - 78*l**2 - 6*l - 11. Let p(v) = -20*v**3 + 142*v**2 + 11*v + 22. Let h(s) = 6*p(s) + 11*y(s). What is h(6)?
11
Suppose -3*j = 4*a - 31, -a + 22 + 3 = -5*j. Suppose 10*v = 15*v - a. Let w(m) = -4*m - 1. Calculate w(v).
-9
Let r(j) = -45*j + 551. Let w be r(12). Let n(m) = 3*m**2 + 15*m + 25. Let q(y) = -5*y**2 - 22*y - 37. Let l(u) = -8*n(u) - 5*q(u). What is l(w)?
-4
Let b = 47 + -45. Let a(x) = 0*x**2 - x**2 + 0*x**b + 1 + 2*x + x**3 - 4*x**2. Let n(w) = 2*w**3 - w**2 + 4*w - 2. Let o be n(1). What is a(o)?
-11
Let v(i) = i**3 - 18*i**2 - 19*i - 13. Let c be 3/(-6)*(-36 + -2). Determine v(c).
-13
Let r(n) = -n**2 - 7. Let l be 6/(-21) + 1612/(-434). Determine r(l).
-23
Let l = 159 + -148. Let u(r) = 0*r**3 + r**3 - 5 - l*r**2 - 6*r - 4*r + 12 + 3*r**2. Determine u(9).
-2
Let j(x) be the first derivative of 11/3*x**3 - 106 + 2*x**2 - 1/2*x**4 + 6*x. Give j(6).
-6
Let z = 37 - -129. Let u = -161 + z. Let t(x) be the first derivative of x**2/2 - 4*x + 1. Determine t(u).
1
Let k(t) = t**3 - 27*t**2 + 25*t + 14. Suppose 0 = 4*l + 267 - 371. What is k(l)?
-12
Let d(r) = -125*r**3 - 80*r**2 + 40. Let b(n) = 22*n**3 + 14*n**2 - 7. Let w(m) = -40*b(m) - 7*d(m). Suppose j = 5*j - 12. Suppose 3*k - j = -6. What is w(k)?
5
Let a(f) = 2*f - 3. Suppose 3*n + 15 = 0, 4*n + 6 = 2*t - 10. Let y be t*2/((-16)/20). Suppose 0*r - y = -r. Calculate a(r).
7
Let w(o) be the third derivative of -o**6/120 - 7*o**5/60 + o**4/8 + 7*o**3/6 + 1035*o**2. Determine w(-7).
-14
Let i(t) = -2*t**2 - 11*t - 3. Let m(j) = -j**2 - 5*j - 1. Let f(l) = 6*i(l) - 13*m(l). Calculate f(0).
-5
Let r(k) = k**2 - k - 197169 + 0*k**2 + 4*k - 6*k + 197160. Give r(7).
19
Suppose v + 23 = -5*m - 12, 4*m + 57 = 5*v. Let p = m + 11. Let a(h) = -652821642*h + 4*h**3 - 5*h**3 + 3*h**2 + 652821642*h. Calculate a(p).
0
Let n(f) = f**3 - 18*f**2 - f - 27. Let w be 103/(3399/594)*(0 - (-1 + 0)). What is n(w)?
-45
Let g(c) be the first derivative of -c**3/3 + 3*c**2/2 - 3*c + 7. Suppose y + 4*y - 25 = 0. Suppose 5*a = i + 6, -5*a - 2*i + y = -13. Calculate g(a).
-1
Suppose -4*d = -2*i - 44, 5*d + 1438 - 1483 = 5*i. Let n(z) = -z**3 + 11*z**2 + 26*z - 4. Determine n(d).
-4
Let h(y) = -29*y**2 + 8*y - 5. Let x(j) = 60*j**2 - 15*j + 9. Let w(o) = 11*h(o) + 6*x(o). Determine w(-1).
42
Let f(k) be the second derivative of -k**5/20 + 5*k**4/6 - 4*k**3/3 - 6*k**2 + 604*k. Suppose -3*v - 4*w + 42 = w, 0 = -v - 2*w + 15. Determine f(v).
-3
Let p be (-30)/(-18) + 2/6. Let y(q) = q + 0*q**2 - 6*q + q**2 - 8*q - p*q**2 - 10. Determine y(-8).
30
Let t = -23739 - -23770. Let z(d) = -d**3 + 33*d**2 - 63*d - 7. Calculate z(t).
-38
Let c(i) = -i**2 + 22*i - 11*i + 59 + 0*i**2 - 10*i + 27. Give c(0).
86
Let f(h) be the third derivative of h**7/5040 - h**5/30 - 2*h**2. Let r(v) be the third derivative of f(v). Suppose -96*d + 325 = 805. Give r(d).
-5
Let n(t) be the second derivative of -2*t**3/3 - t**2/2 - 115*t + 26. Suppose 2*z = -3*x + 20, 0*x + 32 = 3*x + 5*z. Calculate n(x).
-17
Let h(m) = -4*m - 3. Let l = -197 - -127. Let q = 78 + l. Let p be (-2 - 2)/(q/(-6))*-1. Determine h(p).
9
Let t(l) = -3*l**2 - 50*l - 19. Let n(x) = -2*x**3 + x**2 + 54*x - 112. Let y be n(2). Calculate t(y).
13
Suppose 24*h - 3178 = -1786. Let v(u) = -7*u + 396. Give v(h).
-10
Let x(m) = -m**3 + 5*m**2 - 2*m - 3. Let d(o) = -o**2 + 11*o + 129. Let y be d(18). Suppose 24*n - y = 117. Determine x(n).
-13
Suppose -4*p + y + y - 552 = 0, -y - 284 = 2*p. Let j = p + 144. Let g(m) be the second derivative of m**4/12 - m**3 + m**2 - 2*m. What is g(j)?
-6
Suppose -2*t - 26 = -a + 3*t, -3*a + 18 = -3*t. Let w be 0 - (0 + a) - 0. Let d(o) be the second derivative of -o**4/4 + o**3/3 + o**2/2 + 1097*o. Give d(w).
-4
Let q be 16/8*9/6. Let p(g) = -5*g - 5*g + 8*g + 4*g**2 - 4 + q*g - g**3. Let k(o) = -5*o**3 + 19*o**2 + 6*o - 21. Let f(z) = -2*k(z) + 11*p(z). What is f(6)?
-8
Let x(z) = -74*z + 323. Let q(m) = -250*m + 1131. Let a(v) = 5*q(v) - 17*x(v). Determine a(-18).
20
Let a(y) = y - 36. Suppose -2*t - v + 37 = -6*v, -2*v = -2*t + 28. Determine a(t).
-25
Let i(a) be the first derivative of -7*a**2/2 - 43*a - 1679. Give i(-4).
-15
Let n be ((-56)/21)/(8/24). Let v(h) = -2*h - 22. What is v(n)?
-6
Let w(d) be the third derivative of -d**6/120 + 11*d**5/60 - d**4/6 - d**3/3 - d**2 - 36*d + 1. Give w(4).
94
Suppose t = 3*t - 4. Let m(p) = 3*p**2 + 3*p**3 - 1 + 2*p**3 - 2*p**3 + 4*p. Let v(y) = y**3 - y**2 + y. Let n(o) = t*v(o) - m(o). What is n(-4)?
-7
Let p(v) = 3*v**3 + 6*v**2 + 10*v + 8. Let j(t) = -4*t**3 - 6*t**2 - 11*t - 7. Let l(w) = -2*j(w) - 3*p(w). Let q be l(-5). Let u(i) = -i - 2. Give u(q).
-7
Let t(x) = 56*x + 13. Let q(l) = 20*l. Let f(r) = 3*q(r) - t(r). What is f(13)?
39
Let l(h) = 9 + 31 + 2*h**2 + h + 5 - 54 + 10. Calculate l(-2).
7
Let a(b) = 2*b**3 + 8*b**2 + b. Suppose -2*s + 10 = -4*m, 76*m - 31 = 77*m + 9*s. Determine a(m).
-4
Let y = 325 + -317. Let h(k) = -k**3 - 7*k + 10*k**2 - 14 + 3 - k**2. Calculate h(y).
-3
Suppose -132 + 24 = -12*t. Let l(w) = 50*w + 5. Let a(q) = 12*q + 1. Let c(n) = t*a(n) - 2*l(n). Calculate c(2).
15
Let z(o) = -4*o + 1 + 2 + 5*o. Suppose -10*u - p + 1 = -9*u, -p - 14 = -2*u. Suppose 13*v - 22 = -3*s + 12*v, -3*s - 2 = -u*v. Give z(s).
9
Let a(p) = p**3 + p**2 + 5. Let m be a(0). Let v(d) = -d**2 - 33 - d**3 + m*d + 34 - 3*d**2. Let z be -1 + 4 + -2 + -6. Determine v(z).
1
Let n(q) = 0 - 6*q + 2*q**3 - 1 - q**3 + 3*q**2. Let a(k) = k + k**2 - 9*k - 16*k - 233 + 324. Let m be a(19). Give n(m).
7
Let q(i) = -i**2 + 3*i + 17. Let s be q(5). Let t(m) = -5*m + 14. Let w(h) = -3*h + 9. Let v(p) = 5*t(p) - 8*w(p). Calculate v(s).
-9
Let l(n) = -6*n**2 + 16*n**2 - 2*n - 3 + 4. Let i = 9851 + -9850. Give l(i).
9
Let y(s) be the second derivative of 17*s - 7/6*s**4 + 0*s**2 + 3 + 1/6*s**3. Give y(-1).
-15
Let z(v) = v**2 + v + 10. Let n(h) = -h - 6. Let g(k) = 6*n(k) + 4*z(k). Let c(f) = -f**2 + f - 1. Let o = 8 + -14. Let a(b) = o*c(b) - g(b). What is a(2)?
2
Let g(o) = 49*o**2 + 2*o. Let f(d) = -24*d**2 - d. Let b(h) = -11*f(h) - 6*g(h). Let s be (-15)/(-65) - (-32)/(-26). Determine b(s).
-29
Let s(x) = -x**3 + 3*x**2 - 4*x + 4. Suppose 3*p + 21*h - 23*h - 668 = 0, 0 = 5*p + 2*h - 1124. Let r = -221 + p. Determine s(r).
-8
Let f(m) be the first derivative of m**3/3 - 3*m**2/2 + 11759. Suppose -1 = -t, 5*l + t + t = -13. Let j be (-4)/(-6) + (-4)/l. Determine f(j).
-2
Let a(h) = h**3 - 10*h**2 - 23*h - 18. Let f be a(12). Let v(c) = -c**3 - 6*c**2 - 8*c - 8. What is v(f)?
40
Let y = 638 + -633. Suppose -y*i - 42 + 22 = 0. Let z(m) = 7*m + 0 + 2 - 2*m. Determine z(i).
-18
Let z(f) = f**3 - 14*f**2 + 11*f + 15. Let h be z(13). Let v(d) = d**2 + 7*d - 36. What is v(h)?
8
Let l = -3766 + 3780. Let b(c) = -c + 14. Determine b(l).
0
Let c(b) = -b**2 - 7*b - 6. Let u(x) = -x**2 - 7*x - 6. Let z(r) = 5*c(r) - 4*u(r). Let g be (-1820)/420 + -2*1/(-6). Determine z(g).
6
Let z(d) = -3*d**2 - 48*d + 15. Let p(q) = -3*q**2 + 100*q - 17. Let w be p(0). What is z(w)?
-36
Let x(c) be the first derivative of c**